et x(f) = f**2 - 2*f - 2. Let o be x(-5). What is the greatest common divisor of o and h?
11
Suppose 2*j + 2*s - 6 = 0, -2*j - 2*s + 6 = s. Let v = 7 - j. Suppose 13 = -a + 5*a - i, 0 = -a - 3*i + 13. What is the highest common divisor of v and a?
4
Let k(g) = -10*g - 231. Let b be k(-27). Calculate the highest common factor of 429 and b.
39
Let m(k) = 13*k + 2. Suppose 1 - 4 = -3*r. Let d be m(r). What is the greatest common factor of d and 30?
15
Suppose 5*o - 627 - 133 = 0. What is the highest common divisor of o and 32?
8
Let a = -414 - -432. Calculate the highest common factor of 576 and a.
18
Let p be 23/46*16/2. Suppose -p*m + 120 = 4*m. Suppose 0 = 4*v + 5*j - 15 - 2, -10 = -2*v - 4*j. Calculate the highest common divisor of v and m.
3
Let l = 13 + -18. Let z be (-16)/5*l/1. Suppose -3*a = 4*o - 76, 2*a = 6*a + z. Calculate the greatest common factor of 55 and o.
11
Let g(s) be the first derivative of -11 - 7*s + 1/2*s**2 + 1/3*s**3. Let o be g(-4). Calculate the highest common divisor of 55 and o.
5
Let u(o) = 53*o**3 + o. Let d(i) = -i**2 + 5*i - 4. Let w be d(5). Let t = w + 5. Let f be u(t). What is the greatest common divisor of 36 and f?
18
Let z be (-2 + -3)/(-1) - -125. What is the greatest common factor of 104 and z?
26
Let m be (-25810)/50 + (1/(-5))/(-1). Let z be (-8)/20 - m/15. What is the highest common factor of 306 and z?
34
Let s(h) = -h**3 - 6*h**2 - 8. Let u be s(-7). Suppose -u - 43 = 3*y. Let z be (-1052)/y - 3/(-7). What is the highest common divisor of z and 95?
19
Let k = -10 - -15. Suppose -5*a + 59 = 4*o, -k*o - 3*a = -22 - 68. Let t be 34/8*(o + -1). Calculate the greatest common factor of 34 and t.
17
Suppose 0 = 4*a - 172 + 76. Let n be 6/4 - (-2)/(-4). Let q(c) = 167*c**2 + 2*c - 1. Let z be q(n). What is the greatest common divisor of a and z?
24
Let y be -1 + 59 + (-12)/(-3). Suppose -6*p + 22 + y = 0. Let m = p + 35. Calculate the highest common divisor of m and 7.
7
Let o = 22 + -14. Let l be 2/8 - (-150)/o. Calculate the greatest common factor of 19 and l.
19
Let v(g) = 20*g + 133. Let l be v(-5). What is the greatest common divisor of 77 and l?
11
Let y be (-3 - -9)*18/4. Let n = 0 - -9. What is the highest common divisor of y and n?
9
Let i = 152 + -35. What is the highest common factor of 39 and i?
39
Suppose -7*o - 122 = -150. Let z be (-2)/(2/1 - 3). Let k be (z + 1)/(6/8). What is the highest common divisor of o and k?
4
Let t(v) = v**2 + 2*v - 14. Let o be t(-10). Suppose 3*y + n - 41 = o, -y - 4*n + 32 = 0. What is the greatest common factor of y and 9?
9
Suppose -18 = -5*c + 4*s - 5*s, 4*c = s + 9. Let i be 45 - (c - (-5 - -3)). Let m(r) = 2*r - 3. Let q be m(4). What is the greatest common divisor of q and i?
5
Suppose 896 = 4*v - 4*q, 4*q + 94 = -3*v + 766. What is the greatest common factor of 42 and v?
14
Let b = -36 + 39. Suppose -b*c + 1 = -11. Calculate the highest common factor of 28 and c.
4
Let r be 0/2 + 0 + 2. Let c = -12 - -51. Let y be r*-1 - c/(-3). Calculate the highest common factor of 33 and y.
11
Suppose 3*h - 14 = 7. Let u = 19 + -47. Let n be 38/3 + u/(-21). Calculate the greatest common divisor of n and h.
7
Let c be -4 + 6/(4 - 3). Suppose 3*b + 12 = 0, -2*r - 3*b + 8 = c*r. Let n(y) = 2*y**2 - 5. Let d be n(5). Calculate the highest common factor of d and r.
5
Let a be (6/(-2) + 11)*1/1. Let j(q) = -q**3 + 10*q**2 - 7*q - 6. Let w be j(9). What is the greatest common factor of w and a?
4
Let j be (-2)/(-7) + 14/(-49). Suppose j = 2*t + 2*q - 48, q + 93 = 5*t - 3. Calculate the greatest common factor of 10 and t.
10
Suppose -y = 2*y. Suppose -3*s - 6 = y, l = -0*l + s + 5. Suppose -17*b - 45*b = -186. What is the highest common factor of b and l?
3
Suppose -1008 + 4583 = 11*n. What is the highest common divisor of 25 and n?
25
Suppose -4*o - 2*k + 22 = -2*o, 3*k - 6 = 0. Let x = o - -7. Let v be 4/6 + 1562/33. Calculate the greatest common divisor of x and v.
16
Let z(d) = d. Let g(y) = y. Let j(i) = 6*g(i) - 5*z(i). Suppose -r = 4*r - 25. Let m be j(r). What is the greatest common factor of m and 10?
5
Suppose -v = b + 34, 3*v + 3*b = 5*b - 97. Let u = v - -61. Let i(l) = -l**2 + 12*l - 16. Let c be i(10). What is the highest common divisor of c and u?
4
Let u(x) = 3*x + 5. Let n be u(10). Suppose -5 = 5*a, 11 = k + 2*a - n. What is the highest common divisor of 6 and k?
6
Let k = 91 - 52. Suppose 3*z + k = 9. Let q be (-554)/z - (-14)/(-35). What is the highest common divisor of 5 and q?
5
Suppose -142 = -4*n + p - 4*p, 4*n - p - 134 = 0. Let d be (-12)/42 - (-1077)/21. Calculate the greatest common divisor of n and d.
17
Suppose -4*o - 4 = -4*a, -5*a - o = 5 + 2. Let s be a/(-2)*0/4. Suppose n = 1, -x + 4*x + n - 22 = s. What is the highest common factor of 28 and x?
7
Suppose -8*l + 3131 + 5 = 0. Calculate the highest common divisor of 16 and l.
8
Let i be (-148)/(-2) - (-4 - -2). Let f(c) = 35*c + 74. Let d be f(-2). Calculate the highest common divisor of i and d.
4
Suppose -5 = -6*t + 49. Let v = 0 - -1. Calculate the greatest common divisor of v and t.
1
Suppose -2*l - f = -3*f - 298, -3*l + 419 = 4*f. Let q = l + -100. Let s = 56 - 26. Calculate the greatest common divisor of s and q.
15
Suppose 0 = -21*m + 17*m. Suppose -4*h + m*h = -120. Suppose 8*n - 150 = 6*n. What is the highest common factor of n and h?
15
Let r = -925 + 935. What is the highest common factor of r and 690?
10
Suppose 5*b - 2*z - 108 = 0, 3*z - 8 = -11*b + 10*b. Let d be 83 - 1/(3/9). What is the highest common divisor of b and d?
20
Let z be 8716/32 - (-39)/(-104). Calculate the highest common factor of z and 48.
16
Suppose 34*o = 389 + 87. Calculate the highest common factor of 119 and o.
7
Let t = 1881 + -1815. What is the highest common divisor of 462 and t?
66
Let r = -583 + 647. What is the greatest common factor of r and 200?
8
Let d = -306 + 137. Let y = d - -484. Suppose 4*i - 533 = -393. What is the greatest common factor of i and y?
35
Suppose 1365 = 7*k - 882. Calculate the highest common factor of k and 3.
3
Let a(u) = -20*u - 355. Let v be a(-24). What is the highest common divisor of v and 100?
25
Let j = -2 + 7. Let r = -60 - -60. Suppose -v + 197 = -u - 61, r = -v - j*u + 228. Calculate the highest common divisor of v and 23.
23
Suppose -10 + 30 = l. Let j be 4/((-32)/l)*-10. Let f be (14/4)/(7/350). Calculate the highest common divisor of f and j.
25
Let p(l) = -24*l - 17. Let q be p(-1). Calculate the highest common factor of q and 707.
7
Suppose 87*u = 68*u + 57. What is the greatest common divisor of 6 and u?
3
Suppose -k - 1509 = -5*g - 577, 0 = -g - k + 190. Calculate the highest common divisor of 11 and g.
11
Suppose -20*u + q = -15*u - 2032, u - 414 = 4*q. What is the greatest common factor of 28 and u?
14
Let n = -228 - -262. What is the greatest common factor of n and 136?
34
Let o be 1060*((-2)/(-5))/1. Calculate the highest common factor of o and 8.
8
Suppose 0 = u + 4*v - 31, -5*u + 2*v - 245 = -10*u. Calculate the highest common divisor of 561 and u.
51
Suppose i = 3 + 1, 5*q + 2 = 3*i. Suppose 7*a + q*a = 432. Calculate the highest common divisor of 12 and a.
12
Let s be (2/(-5) + (-31)/10)*-4. Let h be 21/(-49) + 118/s. What is the highest common factor of 32 and h?
8
Suppose 2*m - 1 = 5*b + 4, -4*m = -2*b + 14. Let f be -2*b/(-30) + 132/10. What is the highest common divisor of 143 and f?
13
Let i be 88297/184 - (-1)/8. Calculate the greatest common factor of 30 and i.
30
Suppose -5*q = 3*g - 5, 0*q + 1 = -2*g + q. Suppose b + t - 27 = g, 5*t - 141 + 30 = -4*b. Calculate the greatest common factor of b and 16.
8
Let g(d) = -3*d + 92. Let h be g(9). Suppose 65 = -o + 6*o. What is the highest common divisor of o and h?
13
Let j = 16 - 18. Let r be (28*j/(-6))/((-8)/(-12)). Calculate the highest common divisor of r and 14.
14
Let d = -672 - -1092. Suppose -2*w - d = -g, -g - 3*g = w - 1644. Suppose 5*s - g = 8. Calculate the greatest common factor of 12 and s.
12
Let c(z) = -z**3 + 11*z**2 - 8*z + 25. Let r be c(10). Let x = -14 + r. What is the highest common factor of x and 248?
31
Suppose -2*h + 2*r = -28, -5*r + 8*r = -4*h + 77. Let j = 31 - -88. Calculate the greatest common divisor of h and j.
17
Suppose 0 = -3*x - 9 + 24. Suppose -28 = -k + x*a + 